r of 156732?
True
Is 9 a factor of 30438?
True
Is 36906 a multiple of 3?
True
Does 2 divide 6176?
True
Does 55 divide 54594?
False
Does 62 divide 767064?
True
Does 11 divide 4758919?
True
Is 411723 a multiple of 13?
True
Does 25 divide 725071?
False
Is 3217788 a multiple of 12?
True
Does 20 divide 82040?
True
Is 128 a factor of 4301151?
False
Does 442 divide 880022?
True
Does 26 divide 675142?
True
Does 6 divide 16624?
False
Is 44189 a multiple of 227?
False
Does 4 divide 3227668?
True
Is 670173 a multiple of 147?
True
Is 390 a factor of 400799?
False
Is 29 a factor of 21083?
True
Is 183516 a multiple of 41?
True
Is 155 a factor of 145999?
False
Is 36775 a multiple of 5?
True
Is 27 a factor of 5611901?
False
Is 220 a factor of 160549?
False
Is 30 a factor of 309570?
True
Is 553 a factor of 197421?
True
Does 421 divide 750133?
False
Is 32 a factor of 357728?
True
Is 779 a factor of 5233988?
False
Does 1102 divide 11839428?
False
Does 9 divide 201285?
True
Is 61 a factor of 89731?
True
Is 905703 a multiple of 13?
False
Does 11 divide 42086?
True
Is 204363 a multiple of 88?
False
Is 247856 a multiple of 14?
True
Does 8 divide 11655176?
True
Is 1002600 a multiple of 110?
False
Is 103 a factor of 168971?
False
Is 75 a factor of 501059?
False
Is 49923 a multiple of 43?
True
Is 6 a factor of 1027654?
False
Is 391 a factor of 4777?
False
Is 68600 a multiple of 70?
True
Is 3 a factor of 17077?
False
Is 2948864 a multiple of 15?
False
Does 356 divide 508012?
True
Is 309844 a multiple of 4?
True
Is 10 a factor of 10650784?
False
Is 3 a factor of 1646287?
False
Does 216 divide 2066020?
False
Does 1316 divide 24945564?
False
Is 18 a factor of 199674?
True
Is 388 even?
True
Does 17 divide 1414474?
False
Is 24 a factor of 5748?
False
Is 3 a factor of 27009?
True
Is 890571 a multiple of 19?
False
Does 224 divide 688182?
False
Is 910650 a multiple of 39?
True
Does 187 divide 70049?
False
Does 91 divide 10112530?
False
Is 203534 a multiple of 149?
True
Is 796 a factor of 592224?
True
Does 164 divide 187288?
True
Is 293 a factor of 4915299?
False
Does 15 divide 5936188?
False
Is 36 a factor of 430559?
False
Does 279 divide 1168173?
True
Does 130 divide 42015?
False
Is 3190039 a multiple of 856?
False
Is 101 a factor of 2541786?
False
Does 22 divide 171094?
True
Is 664 a factor of 509897?
False
Is 55 a factor of 1804518?
False
Is 743636 a multiple of 66?
False
Is 97 a factor of 117564?
True
Is 1251 a factor of 1967351?
False
Is 12 a factor of 738405?
False
Does 8 divide 5882?
False
Is 5994928 a multiple of 16?
True
Does 18 divide 8435790?
True
Is 28211 a multiple of 16?
False
Is 3887292 a multiple of 12?
True
Is 2825553 a multiple of 289?
True
Does 3 divide 5814?
True
Does 192 divide 228601?
False
Is 27 a factor of 1008936?
True
Is 27032 a multiple of 15?
False
Is 68 a factor of 219436?
True
Does 20 divide 4155815?
False
Is 12680751 a multiple of 111?
True
Is 55116 a multiple of 82?
False
Is 119 a factor of 102712?
False
Is 406 a factor of 91778?
False
Is 515 a factor of 4298346?
False
Is 289753 a multiple of 83?
True
Is 3649 a multiple of 5?
False
Does 776 divide 1642016?
True
Is 650673 a multiple of 12?
False
Is 11 a factor of 6171?
True
Is 6154412 a multiple of 22?
True
Does 1669 divide 8665717?
False
Does 8 divide 11102548?
False
Does 23 divide 345759?
True
Is 609276 a multiple of 18?
False
Is 896 a multiple of 2?
True
Does 103 divide 294027?
False
Is 26 a factor of 3024195?
False
Is 32 a factor of 1103523?
False
Does 12 divide 1663368?
True
Is 496 a factor of 66464?
True
Is 4179459 a multiple of 20?
False
Is 344 a factor of 2316152?
True
Does 103 divide 2620629?
True
Is 1625986 a multiple of 700?
False
Does 100 divide 3995689?
False
Does 1060 divide 98777?
False
Is 11 a factor of 162560?
False
Is 55 a factor of 188456?
False
Is 6220324 a multiple of 22?
True
Is 69 a factor of 844509?
False
Is 968 a factor of 283727?
False
Does 57 divide 5207121?
True
Is 57 a factor of 98262?
False
Is 11 a factor of 24035?
True
Is 2 a factor of 428280?
True
Is 45419 a multiple of 34?
False
Does 151 divide 15100?
True
Is 35503 a multiple of 13?
True
Is 16355370 a multiple of 30?
True
Is 20160 a multiple of 14?
True
Is 25 a factor of 76100?
True
Is 2447648 a multiple of 86?
False
Is 33 a factor of 75174?
True
Does 68 divide 409020?
True
Is 69 a factor of 140622?
True
Is 3119520 a multiple of 32?
True
Does 9 divide 501219?
True
Is 1033 a factor of 10789336?
False
Is 18 a factor of 12738438?
True
Does 666 divide 27095?
False
Is 246 a factor of 5729832?
True
Is 9 a factor of 44802?
True
Does 111 divide 97663?
False
Does 56 divide 632296?
True
Is 184631 a multiple of 8?
False
Is 124614 a multiple of 86?
True
Is 40 a factor of 139071?
False
Does 5 divide 1744579?
False
Is 13057848 a multiple of 24?
True
Is 165 a factor of 9405?
True
Is 62 a factor of 152272?
True
Is 74900 a multiple of 35?
True
Is 5 a factor of 15119275?
True
Is 21235 a multiple of 51?
False
Does 7 divide 141455?
False
Is 60 a factor of 12720?
True
Is 1773531 a multiple of 9?
True
Is 80 a factor of 476174?
False
Does 227 divide 5520468?
False
Does 28 divide 29372?
True
Is 86 a factor of 102684?
True
Is 171518 a multiple of 41?
False
Is 27 a factor of 7452?
True
Does 12 divide 53412?
True
Is 93615 a multiple of 5?
True
Does 10 divide 9625390?
True
Is 70806 a multiple of 10?
False
Is 15 a factor of 115065?
True
Is 1170968 a multiple of 36?
False
Does 57 divide 478448?
False
Is 39780 a multiple of 117?
True
Is 985 a factor of 242300?
False
Is 51 a factor of 118220?
False
Does 26 divide 2706964?
True
Is 321499 a multiple of 521?
False
Does 16 divide 2602437?
False
Is 10 a factor of 719832?
False
Is 11 a factor of 289006?
False
Is 65086 a multiple of 196?
False
Is 171732 a multiple of 14?
False
Does 14 divide 14735247?
False
Is 42707 a multiple of 60?
False
Does 31 divide 95217?
False
Is 428 a factor of 9121108?
True
Is 229 a factor of 1400106?
True
Is 3623516 a multiple of 37?
False
Is 131 a factor of 12126146?
True
Does 6 divide 1482185?
False
Is 12 a factor of 1570078?
False
Is 21 a factor of 2417100?
True
Is 5 a factor of 174533?
False
Is 4838575 a multiple of 21?
False
Is 239757 a multiple of 29?
False
Is 2754956 a multiple of 199?
True
Does 90 divide 1934460?
True
Does 9 divide 71462?
False
Is 2183806 a multiple of 9?
False
Is 1027 a factor of 9081054?
False
Is 6 a factor of 2838876?
True
Is 232 a factor of 623865?
False
Is 53 a factor of 7455084?
False
Is 150485 a multiple of 40?
False
Does 286 divide 713570?
True
Is 1273645 a multiple of 1005?
False
Does 221 divide 997289?
False
Is 227 a factor of 576126?
True
Does 45 divide 944669?
False
Does 104 divide 214136?
True
Does 3 divide 6546?
True
Is 2 a factor of 34228?
True
Is 994162 a multiple of 202?
False
Does 11 divide 39487?
False
Is 260468 a multiple of 112?
False
Is 516 a factor of 2349348?
True
Does 71 divide 343824?
False
Is 121 a factor of 113776?
False
Is 21 a factor of 1018248?
True
Does 1454 divide 2404505?
False
Is 209 a factor of 200698?
False
Is 8494808 a multiple of 14?
True
Is 917131 a multiple of 178?
False
Is 82524 a multiple of 59?
False
Is 14 a factor of 1178153?
False
Is 1650 a factor of 16034634?
False
Is 2383265 a multiple of 20?
False
Is 8819359 a multiple of 53?
True
Is 540176 a multiple of 56?
True
Is 94368 a multiple of 12?
True
Is 5138554 a multiple of 7?
False
Does 36 divide 1641095?
False
Does 89 divide 681204?
False
Is 34908 a multiple of 152?
False
Does 4 divide 5408884?
True
Does 263 divide 171213?
True
Is 15599 a multiple of 92?
False
Is 831569 a multiple of 149?
True
Is 102 a factor of 1303952?
False
Does 58 divide 377007?
False
Is 25 a factor of 101724?
False
Is 11 a factor of 41197?
False
Does 13 divide 2851992?
True
Is 3711975 a multiple of 25?
True
Is 2283090 a multiple of 26?
False
Is 46190 a multiple of 155?
True
Is 429 a factor of 439003?
False
Is 203055 even?
False
Is 330583 a multiple of 45?
False
Is 48307 a multiple of 103?
True
Is 302 a factor of 108152?
False
Is 2044635 a multiple of 16?
False
Is 136958 a multiple of 301?
False
Is 332036 a multiple of 2?
True
Is 1904826 a multiple of 38?
True
Does 10 divide 5098336?
False
Is 550 a factor of 122598?
False
Is 19030 a multiple of 173?
True
Does 87 divide 853992?
True